highest common factor of h and 40.
8
Suppose 59*t - 51*t = 96. Suppose 2*w + 16 = -2*w. Let h(v) = -2*v**3 - 5*v**2 + 3*v. Let i be h(w). What is the highest common factor of t and i?
12
Suppose -5*i - 125 = -4*m, 4*m + 3*i = 120 - 3. Calculate the greatest common factor of m and 6.
6
Suppose -2*g + 227 = -2077. What is the highest common factor of 96 and g?
96
Let k(v) = 2*v**2 - 11*v - 25. Let b be k(-5). Calculate the highest common divisor of 50 and b.
10
Suppose v + 6 = -3. Let o be (-2829)/v - 6/(-9). What is the highest common divisor of o and 35?
35
Suppose 3*u = 31 + 41. Suppose 3*r + 24 = 2*b - b, -2*r + u = b. Suppose 0 = b*c - 21*c - 378. What is the highest common divisor of c and 18?
18
Suppose 0 = -25*a + 44 - 19. Calculate the highest common factor of 216 and a.
1
Suppose 15 = 3*i - 0*i. Suppose 4*c = -3*g + 160, 5*g - i*c = 227 - 7. What is the greatest common divisor of g and 24?
24
Let f(q) = 10*q + 59. Let w be f(-7). Let c(h) = -2*h + 10. Let n be c(w). What is the greatest common divisor of 12 and n?
4
Suppose 5*i = 18*i - 1729. What is the highest common divisor of 76 and i?
19
Let q be ((-7)/(-4))/((-129)/(-86) - 15/12). Suppose o + 1 = 2*k - 13, -4*k - 3*o = -28. What is the highest common factor of k and q?
7
Let t = 10 + 4. Let i(v) = -3*v**3 - v**2 + v + 1. Let j be i(-1). Suppose j*o = -0*o + 42. Calculate the highest common divisor of o and t.
7
Let k = -20 + 35. Let w be (-19 + -2)*(-4)/(-6). Let a = w - -24. Calculate the highest common factor of a and k.
5
Suppose 0 = 14*o - 13*o + 5*i - 169, i - 676 = -4*o. Calculate the greatest common factor of o and 26.
13
Suppose -4 = -b + 1. Let m = 12 - 2. Suppose m*w + 140 = 14*w. Calculate the greatest common divisor of b and w.
5
Let p be (6 + 1002/15)/(1/5). What is the highest common divisor of p and 104?
52
Let t(i) = 55*i - 2. Suppose -4*s - 16 = 4*b, 2*s = 3*b - 3 + 15. Suppose 5*m - 10 = -s*m. Let d be t(m). Calculate the highest common divisor of d and 12.
12
Let k = -7 + 11. Suppose 9*u = k*u + 375. What is the greatest common divisor of 30 and u?
15
Suppose n - 5 = -4, -5*n = 5*v - 1835. Let g = v - 234. Let z(s) = -s**3 + s**2 - s + 12. Let h be z(0). Calculate the highest common divisor of h and g.
12
Suppose -2*q - 88 = -r, 132*r = 130*r - 5*q + 212. Calculate the highest common factor of 36 and r.
12
Let l(v) = -v**3 + 12*v**2 + 5*v + 9. Let h be l(5). Let a be (-16)/4*57/2. Let n be ((-2)/6)/(2/a). Calculate the highest common factor of h and n.
19
Suppose -3*p + 12 = -39. Let h(c) = -c**3 - 6*c**2 + 3*c - 4. Let z be h(-7). Suppose -k = -44 - z. Calculate the highest common divisor of k and p.
17
Let v be 3*3 - (-2 - 2)*-1. Suppose 3*y = v*o - 15, -3*y = -4*o + 3 + 9. Calculate the greatest common divisor of o and 12.
3
Let v(r) = -r**3 - 21*r**2 + 24*r + 72. Let i be v(-22). Calculate the greatest common factor of 2 and i.
2
Let l be 2 + (4 - 3 - 51). Let p = -32 - l. Suppose -2*x + p = -8. Calculate the highest common divisor of 3 and x.
3
Suppose 2*r + 20 = 2*i, -2*r - r = 12. Calculate the highest common divisor of i and 10.
2
Let m(f) = -42*f + 300. Let i be m(6). Calculate the greatest common divisor of 492 and i.
12
Let j(n) = -8*n + 14. Let h be j(-8). Suppose x = -x + h. What is the highest common divisor of x and 13?
13
Let q be 78 - (-5 - (-6)/3). What is the highest common factor of 324 and q?
81
Let g be (47 - -1)*(-38)/(-19). What is the greatest common divisor of g and 216?
24
Let z be 4/14 + 2997/21. Calculate the greatest common divisor of 13 and z.
13
Suppose -3*c - c + 152 = 0. Suppose -41 = 5*z - 4*i - 7, 0 = 5*z - 3*i + c. Let p = 18 - z. What is the greatest common divisor of 70 and p?
14
Suppose 3*h = 8*h + 10, -5*i = -2*h - 114. Suppose 2*l - 612 = -2*l - 4*p, p + 463 = 3*l. What is the greatest common factor of l and i?
22
Let c(s) = 105*s**2 - 8*s + 7. Let r be c(1). Calculate the highest common factor of 8 and r.
8
Let l be (-2)/4 - -1 - (-801)/178. What is the highest common divisor of 5 and l?
5
Suppose -5*r - 10*w + 522 = -11*w, -3*r - 3*w = -324. What is the highest common divisor of 60 and r?
15
Let q be (-26)/(-5) - (-7)/(-35). Suppose l - 82 = q*t - 7, l - 3*t = 65. Calculate the highest common factor of l and 30.
10
Let i = 8 - 19. Let y = -7 - i. Let k be (-114)/(-7) + (-168)/588. What is the greatest common factor of k and y?
4
Suppose 65*o = 12288 + 10072. Calculate the highest common factor of o and 43.
43
Let b = 341 + -209. Suppose -f - 172 = 4*n, -4*n - 426 = 5*f + 370. Let o be (-1)/1 + f/(-12). Calculate the highest common factor of o and b.
12
Let z be 340/90 - (16/9 - 2). Suppose i + 463 = 3*o + 178, 3*i - 393 = -4*o. What is the greatest common factor of o and z?
4
Let b(v) be the third derivative of -v**6/60 - v**5/60 - v**4/6 - v**3/3 + 21*v**2. Let i be b(-4). What is the greatest common factor of i and 14?
14
Let k(a) = -31*a + 11. Let j(h) = 15*h - 5. Let l(w) = -13*j(w) - 6*k(w). Let v be l(-4). Suppose 4*n + 7 = v. Calculate the greatest common divisor of 7 and n.
7
Let a be (-1)/(-2) - 3/(-2). Let m be ((-3)/a)/(3/(-4)). Let h = -10 - -11. Calculate the greatest common divisor of h and m.
1
Let l(m) = 7*m**2 + 5*m - 15. Let o be l(-4). Calculate the highest common divisor of 22 and o.
11
Suppose -2*c - 3*r + 179 = 0, -37*r + 35*r = -10. What is the highest common divisor of 369 and c?
41
Let l = -19 + 22. Suppose -l*p = 6*p - 1881. Let g be 2*38/(-8)*-2. Calculate the greatest common factor of g and p.
19
Suppose 0 = 5*n + 517 - 687. What is the greatest common divisor of n and 136?
34
Suppose 0 = -14*c - 12 + 96. Calculate the greatest common factor of c and 582.
6
Let s(m) = m**2 + 11*m + 4. Let o be 3/21 + (-426)/42. Let d be s(o). Let l be 2/d - (-230)/15. What is the highest common divisor of l and 105?
15
Suppose 64*p = 55*p + 1080. What is the highest common divisor of p and 15?
15
Suppose 4*b + 4 = 0, -3*k - 2*k + 91 = -b. Suppose -4*s - 4*a + 47 = -125, -3*s - 2*a = -131. What is the highest common divisor of s and k?
9
Let d be (7 - (-10199)/(-14))*(-4)/6. Calculate the highest common divisor of 13 and d.
13
Let s be (-3)/45*-10*96. What is the highest common factor of s and 176?
16
Suppose 0 = -3*x - 4*j + 542 + 56, 0 = -5*x - 5*j + 990. Suppose 336 = -x*c + 198*c. Calculate the highest common divisor of c and 14.
14
Suppose 0*p - 3*p = -18. Suppose -x = -3*x + p. Suppose 17*i = -20*i + 32*i + 90. What is the greatest common divisor of x and i?
3
Let c be -1 + (-12)/4 + 4. Suppose c = v - 6*v + 50. What is the highest common factor of 10 and v?
10
Suppose 0 = 3*g - i - 79, -103*g = -104*g + 2*i + 28. Suppose 0 = -4*a + 267 + 149. What is the greatest common divisor of a and g?
26
Let k(f) = f**2 + 2*f - 10. Let q be k(-5). Let m be 3/(-1*3/(-15)). What is the highest common divisor of q and m?
5
Suppose 19*h = -7*h + 7826. Calculate the highest common factor of 7 and h.
7
Suppose -3*m + 59 = -d + 15, -5*m - 3*d = -64. Suppose -4*g = n + 3*n - 28, 0 = -2*n + 2*g + m. Calculate the greatest common divisor of n and 49.
7
Suppose u - 8 - 1 = 0. Let q be 3/u + (-64)/(-6). Let h = 382 + -261. What is the greatest common divisor of q and h?
11
Suppose 9*b = 3*i + 4*b - 205, -197 = -3*i + b. Let g(d) = d**3 + 11*d**2 + 5*d - 37. Let k be g(-10). Calculate the highest common factor of k and i.
13
Let q(g) = g - 2. Let c be q(5). Suppose -5*o + c*o + z = -240, 3*o = -3*z + 369. Calculate the greatest common factor of 11 and o.
11
Let z = -140 - -515. Calculate the greatest common divisor of z and 300.
75
Suppose d - 561 = -2*d. Let a be (-154)/(-14) + (-10 - -16). Calculate the highest common factor of d and a.
17
Let v = -26 - -26. Suppose v = 5*f - 5, 5*l + 4*f + 4 = 48. Calculate the greatest common factor of l and 56.
8
Let f = -190 + 206. Suppose 0 = -0*c + 2*c - 8, -5*k = -3*c - 28. What is the highest common factor of f and k?
8
Let j be (2/2)/(1/20). Let w = j + -13. Calculate the highest common divisor of w and 7.
7
Let k = 2 + 1. Let s be 146*1*k/6. Let v = 7 + s. What is the highest common factor of v and 10?
10
Let y be 2505/9 + 28/6 + -4. Calculate the greatest common divisor of y and 27.
9
Let y be (-530)/(-20)*(13 + -9). What is the greatest common divisor of 1378 and y?
106
Sup